 by 26.
7
Calculate the remainder when 634 is divided by 370.
264
Calculate the remainder when 1842 is divided by 123.
120
Calculate the remainder when 410 is divided by 200.
10
Calculate the remainder when 1524 is divided by 61.
60
Calculate the remainder when 3031 is divided by 37.
34
What is the remainder when 591 is divided by 119?
115
Calculate the remainder when 975 is divided by 6.
3
Calculate the remainder when 4192 is divided by 2095.
2
What is the remainder when 134 is divided by 133?
1
Calculate the remainder when 571 is divided by 72.
67
Calculate the remainder when 15579 is divided by 205.
204
Calculate the remainder when 272 is divided by 10.
2
Calculate the remainder when 189 is divided by 90.
9
Calculate the remainder when 1662 is divided by 26.
24
Calculate the remainder when 449 is divided by 114.
107
What is the remainder when 7316 is divided by 49?
15
Calculate the remainder when 71 is divided by 18.
17
What is the remainder when 561 is divided by 29?
10
What is the remainder when 294 is divided by 74?
72
What is the remainder when 1318 is divided by 110?
108
What is the remainder when 222 is divided by 45?
42
Calculate the remainder when 17969 is divided by 10.
9
Calculate the remainder when 135 is divided by 38.
21
What is the remainder when 151 is divided by 91?
60
What is the remainder when 151 is divided by 54?
43
What is the remainder when 311 is divided by 156?
155
Calculate the remainder when 3364 is divided by 256.
36
Calculate the remainder when 744 is divided by 32.
8
What is the remainder when 2546 is divided by 248?
66
Calculate the remainder when 1565 is divided by 9.
8
What is the remainder when 312 is divided by 116?
80
Calculate the remainder when 763 is divided by 396.
367
Calculate the remainder when 474 is divided by 240.
234
What is the remainder when 534 is divided by 67?
65
What is the remainder when 3867 is divided by 114?
105
What is the remainder when 1361 is divided by 1340?
21
What is the remainder when 537 is divided by 78?
69
Calculate the remainder when 948 is divided by 63.
3
Calculate the remainder when 29 is divided by 7.
1
Calculate the remainder when 98 is divided by 8.
2
What is the remainder when 25 is divided by 21?
4
Calculate the remainder when 5262 is divided by 293.
281
Calculate the remainder when 778 is divided by 65.
63
Calculate the remainder when 293 is divided by 79.
56
Calculate the remainder when 252 is divided by 128.
124
Calculate the remainder when 714 is divided by 132.
54
What is the remainder when 1062 is divided by 51?
42
Calculate the remainder when 143 is divided by 47.
2
What is the remainder when 108 is divided by 22?
20
What is the remainder when 2825 is divided by 11?
9
What is the remainder when 66 is divided by 20?
6
Calculate the remainder when 389 is divided by 151.
87
Calculate the remainder when 10224 is divided by 21.
18
What is the remainder when 70 is divided by 18?
16
Calculate the remainder when 3471 is divided by 62.
61
Calculate the remainder when 2276 is divided by 33.
32
Calculate the remainder when 411 is divided by 22.
15
What is the remainder when 249 is divided by 18?
15
What is the remainder when 56 is divided by 41?
15
What is the remainder when 3113 is divided by 312?
305
Calculate the remainder when 1893 is divided by 38.
31
What is the remainder when 201 is divided by 21?
12
What is the remainder when 337 is divided by 19?
14
What is the remainder when 294 is divided by 25?
19
What is the remainder when 29 is divided by 12?
5
What is the remainder when 2217 is divided by 185?
182
Calculate the remainder when 6768 is divided by 37.
34
What is the remainder when 164 is divided by 56?
52
Calculate the remainder when 2275 is divided by 38.
33
Calculate the remainder when 339 is divided by 66.
9
What is the remainder when 475 is divided by 53?
51
What is the remainder when 1395 is divided by 60?
15
What is the remainder when 138 is divided by 24?
18
Calculate the remainder when 113 is divided by 42.
29
What is the remainder when 753 is divided by 376?
1
What is the remainder when 136 is divided by 49?
38
What is the remainder when 386 is divided by 62?
14
What is the remainder when 2430 is divided by 22?
10
Calculate the remainder when 480 is divided by 97.
92
What is the remainder when 232 is divided by 68?
28
What is the remainder when 437 is divided by 115?
92
Calculate the remainder when 20 is divided by 18.
2
Calculate the remainder when 28557 is divided by 13.
9
What is the remainder when 2427 is divided by 15?
12
What is the remainder when 1228 is divided by 300?
28
What is the remainder when 142 is divided by 31?
18
Calculate the remainder when 40 is divided by 17.
6
What is the remainder when 320 is divided by 47?
38
Calculate the remainder when 102 is divided by 24.
6
What is the remainder when 346 is divided by 83?
14
What is the remainder when 873 is divided by 26?
15
Calculate the remainder when 154 is divided by 37.
6
What is the remainder when 135 is divided by 32?
7
Calculate the remainder when 79 is divided by 17.
11
Calculate the remainder when 61 is divided by 54.
7
What is the remainder when 411 is divided by 247?
164
What is the remainder when 1970 is divided by 218?
8
Calculate the remainder when 273 is divided by 60.
33
Calculate the remainder when 769 is divided by 210.
139
What is the remainder when 371 is divided by 53?
0
What is the remainder when 760 is divided by 111?
94
What is the remainder when 50 is divided by 14?
8
Calculate the remainder when 1743 is divided by 46.
41
Calculate the remainder when 131 is divided by 30.
11
Calculate the remainder when 250 is divided by 14.
12
What is the remainder when 60 is divided by 31?
29
What is the remainder when 144 is divided by 31?
20
Calculate the remainder when 204 is divided by 9.
6
Calculate the remainder when 382 is divided by 24.
22
What is the remainder when 1544 is divided by 60?
44
Calculate the remainder when 921 is divided by 132.
129
What is the remainder when 87 is divided by 13?
9
Calculate the remainder when 3084 is divided by 43.
31
What is the remainder when 239 is divided by 61?
56
What is the remainder when 153 is divided by 38?
1
Calculate the remainder when 825 is divided by 287.
251
Calculate the remainder when 85 is divided by 77.
8
What is the remainder when 2790 is divided by 49?
46
Calculate the remainder when 310 is divided by 52.
50
Calculate the remainder when 331 is divided by 75.
31
What is the remainder when 3678 is divided by 20?
18
Calculate the remainder when 1081 is divided by 31.
27
Calculate the remainder when 3148 is divided by 23.
20
Calculate the remainder when 311 is divided by 48.
23
What is the remainder when 263 is divided by 25?
13
Calculate the remainder when 136 is divided by 65.
6
What is the remainder when 416 is divided by 59?
3
Calculate the remainder when 1381 is divided by 454.
19
What is the remainder when 706 is divided by 45?
31
What is the remainder when 88 is divided by 30?
28
What is the remainder when 98 is divided by 23?
6
What is the remainder when 69 is divided by 14?
13
Calculate the remainder when 210 is divided by 43.
38
What is the remainder when 43 is divided by 29?
14
Calculate the remainder when 1104 is divided by 85.
84
What is the remainder when 4703 is divided by 96?
95
Calculate the remainder when 1407 is divided by 64.
63
What is the remainder when 39 is divided by 20?
19
Calculate the remainder when 442 is divided by 3.
1
What is the remainder when 860 is divided by 27?
23
Calculate the remainder when 67 is divided by 5.
2
What is the remainder when 4147 is divided by 829?
2
Calculate the remainder when 130 is divided by 61.
8
Calculate the remainder when 260 is divided by 7.
1
What is the remainder when 167 is divided by 39?
11
Calculate the remainder when 367 is divided by 87.
19
What is the remainder when 84 is divided by 29?
26
What is the remainder when 1650 is divided by 36?
30
What is the remainder when 304 is divided by 105?
94
Calculate the remainder when 1180 is divided by 47.
5
Calculate the remainder when 5368 is divided by 179.
177
What is the remainder when 227 is divided by 16?
3
What is the remainder when 4615 is divided by 96?
7
What is the remainder when 203 is divided 